{"id":278,"date":"2009-12-09T17:52:32","date_gmt":"2009-12-09T23:52:32","guid":{"rendered":"http:\/\/vinisfera.com\/r\/?page_id=278"},"modified":"2013-01-09T10:15:57","modified_gmt":"2013-01-09T16:15:57","slug":"publicidad","status":"publish","type":"page","link":"https:\/\/vinisfera.com\/r\/publicidad","title":{"rendered":"Publicidad"},"content":{"rendered":"<p><strong><em>Vinisfera.com<\/em><\/strong> es un portal que se sustenta en base a las contribuciones de sus patrocinadores. Con el fin de tener informaci\u00f3n de calidad,\u00a0 y mantener nuestro buen nivel de producci\u00f3n en las notas y diferentes contenidos, les presentamos diferentes modalidades en las que pueden apoyar el desarrollo de este gran proyecto.<\/p>\n<p><strong><em>\u00bfPorqu\u00e9 patrocinar Vin\u00edsfera.com?<\/em><\/strong><\/p>\n<ul>\n<li><strong>Porque te conviene<\/strong>. Vin\u00edsfera es el principal proyecto de comunicaci\u00f3n de Vino en M\u00e9xico, con un alcance de m\u00e1s de 70,000 usuarios \u00fanicos por mes a trav\u00e9s de este sitio Web y las diferentes redes sociales. Sumamos m\u00e1s de 40,000 visitantes \u00fanicos al sitio que generan m\u00e1s de 120 mil p\u00e1ginas vistas casa mes.<\/li>\n<li><strong>M\u00e1s valor a tu marca.<\/strong> Tu empresa se relacionar\u00e1 directamente con la generaci\u00f3n de contenido de valor, campa\u00f1as sociales, intercambio de espacios en otros medios, y muchos otros esfuerzos que hacemos para darle valor a <em>Vin\u00edsfera.com<\/em> y sus patrocinadores.<\/li>\n<li><strong>Por l\u00f3gica<\/strong>. El costo por impacto en Vin\u00edsfera.com y sus redes es el m\u00e1s bajo del mercado. \u00bfTienes una marca del segmento\u00a0<em>Estilo de Vida<\/em> y te interesa comunicarla a los usuarios de nuevos medios? El lugar es Vin\u00edsfera.com<\/li>\n<\/ul>\n<p>Te presentamos a continuaci\u00f3n una peque\u00f1a numeralia de nuestro desempe\u00f1o en meses pasados, para que te animes y nos apoyes patrocinando un espacio publicitario.<\/p>\n<h2>Perfil de Usuario<\/h2>\n<p><a href=\"https:\/\/i0.wp.com\/vinisfera.com\/r\/wp-content\/uploads\/2009\/12\/perfil.jpg\"><img data-recalc-dims=\"1\" loading=\"lazy\" decoding=\"async\" class=\"size-full wp-image-288 alignright\" title=\"perfil\" alt=\"perfil\" src=\"https:\/\/i0.wp.com\/vinisfera.com\/r\/wp-content\/uploads\/2009\/12\/perfil.jpg?resize=306%2C132\" width=\"306\" height=\"132\" srcset=\"https:\/\/i0.wp.com\/vinisfera.com\/r\/wp-content\/uploads\/2009\/12\/perfil.jpg?w=386&amp;ssl=1 386w, https:\/\/i0.wp.com\/vinisfera.com\/r\/wp-content\/uploads\/2009\/12\/perfil.jpg?resize=300%2C129&amp;ssl=1 300w\" sizes=\"auto, (max-width: 306px) 100vw, 306px\" \/><\/a>Vin\u00edsfera.com es plural, sus contenidos son navegados por <strong>partes casi iguales de hombres y mujeres, principalmente de 24 a 34 a\u00f1os, que suman el 47% de los usuarios<\/strong>. El segundo grupo de edad en importancia, es el de 35 a 44, que cuenta el 25%, seguido por los usuarios de 18 a 24 a\u00f1os, con un 15% del total. Estas cifras corroboran nuestro objetivo, hacer comunicaci\u00f3n del vino principalmente en los j\u00f3venes, quienes est\u00e1n aprendiendo y a\u00fan no tienen preferencias ni prejuicios de marcas, regiones, pa\u00edses o tipos de vino.<\/p>\n<h2><strong>Cifras r\u00e1pidas:<\/strong><\/h2>\n<ul>\n<li>6,500+ seguidores en Twitter<\/li>\n<li>6,800+ seguidores en Facebook<\/li>\n<li>120,000 p\u00e1ginas vistas por mes<\/li>\n<li>70,000 usuarios impactados a trav\u00e9s de redes sociales por mes<\/li>\n<\/ul>\n<h2><strong><em>\u00bfC\u00f3mo puedo patrocinar?<\/em><\/strong><\/h2>\n<h3><strong>Banners<\/strong><\/h3>\n<p>Los banners son lo m\u00e1s parecido a un anuncio impreso. Estos se despliegan en espacios fijos dentro de nuestro portal y se pueden contratar ya sea por tiempo fijo, o por cantidad de impresiones. En cada p\u00e1gina hay mejores ubicaciones que otras, y por lo tanto tambi\u00e9n su costo es diferente. Se pueden contratar por <strong>Patrocinio exclusivo, costo fijo mensual o Costo Por Millar (CPM) de impresiones.<\/strong><\/p>\n<p><strong>Si quieres m\u00e1s informaci\u00f3n (costos, tiempos, etc\u00e9tera) m\u00e1ndanos un mensaje usando el siguiente formulario:<\/strong><\/p>\n\n<div class=\"wpcf7 no-js\" id=\"wpcf7-f6764-o1\" lang=\"\" dir=\"ltr\" data-wpcf7-id=\"6764\">\n<div class=\"screen-reader-response\"><p role=\"status\" aria-live=\"polite\" aria-atomic=\"true\"><\/p> <ul><\/ul><\/div>\n<form action=\"\/r\/wp-json\/wp\/v2\/pages\/278#wpcf7-f6764-o1\" method=\"post\" class=\"wpcf7-form init\" aria-label=\"Formulario de contacto\" novalidate=\"novalidate\" data-status=\"init\">\n<fieldset class=\"hidden-fields-container\"><input type=\"hidden\" name=\"_wpcf7\" value=\"6764\" \/><input type=\"hidden\" name=\"_wpcf7_version\" value=\"6.1.5\" \/><input type=\"hidden\" name=\"_wpcf7_locale\" value=\"\" \/><input type=\"hidden\" name=\"_wpcf7_unit_tag\" value=\"wpcf7-f6764-o1\" \/><input type=\"hidden\" name=\"_wpcf7_container_post\" value=\"0\" \/><input type=\"hidden\" name=\"_wpcf7_posted_data_hash\" value=\"\" \/>\n<\/fieldset>\n<p>Tu nombre (obligatorio)\n<\/p>\n<p><span class=\"wpcf7-form-control-wrap\" data-name=\"your-name\"><input size=\"40\" maxlength=\"400\" class=\"wpcf7-form-control wpcf7-text wpcf7-validates-as-required\" aria-required=\"true\" aria-invalid=\"false\" value=\"\" type=\"text\" name=\"your-name\" \/><\/span>\n<\/p>\n<p>Tu email (obligatorio)\n<\/p>\n<p><span class=\"wpcf7-form-control-wrap\" data-name=\"your-email\"><input size=\"40\" maxlength=\"400\" class=\"wpcf7-form-control wpcf7-email wpcf7-validates-as-required wpcf7-text wpcf7-validates-as-email\" aria-required=\"true\" aria-invalid=\"false\" value=\"\" type=\"email\" name=\"your-email\" \/><\/span>\n<\/p>\n<p>Tu mensaje\n<\/p>\n<p><span class=\"wpcf7-form-control-wrap\" data-name=\"your-message\"><textarea cols=\"40\" rows=\"10\" maxlength=\"2000\" class=\"wpcf7-form-control wpcf7-textarea\" aria-invalid=\"false\" name=\"your-message\"><\/textarea><\/span>\n<\/p>\n<p>Ingresa este c\u00f3digo: <input type=\"hidden\" name=\"_wpcf7_captcha_challenge_captcha-99\" value=\"2092672676\" \/><img data-recalc-dims=\"1\" loading=\"lazy\" decoding=\"async\" class=\"wpcf7-form-control wpcf7-captchac wpcf7-captcha-captcha-99\" width=\"72\" height=\"24\" alt=\"captcha\" src=\"https:\/\/i0.wp.com\/vinisfera.com\/r\/wp-content\/uploads\/wpcf7_captcha\/2092672676.png?resize=72%2C24&#038;ssl=1\" \/><br \/>\nAqu\u00ed: <span class=\"wpcf7-form-control-wrap\" data-name=\"captcha-99\"><input size=\"40\" class=\"wpcf7-form-control wpcf7-captchar\" autocomplete=\"off\" aria-invalid=\"false\" value=\"\" type=\"text\" name=\"captcha-99\" \/><\/span>\n<\/p>\n<p><input class=\"wpcf7-form-control wpcf7-submit has-spinner\" type=\"submit\" value=\"Enviar\" \/>\n<\/p><div class=\"wpcf7-response-output\" aria-hidden=\"true\"><\/div>\n<\/form>\n<\/div>\n\n<p><!--cforms name=\"Publicidad\"--><\/p>\n","protected":false},"excerpt":{"rendered":"<p>Vinisfera.com es un portal que se sustenta en base a las contribuciones de sus patrocinadores. Con el fin de tener informaci\u00f3n de calidad,\u00a0 y mantener nuestro buen nivel de producci\u00f3n en las notas y diferentes contenidos, les presentamos diferentes modalidades en las que pueden apoyar el desarrollo de este gran proyecto. \u00bfPorqu\u00e9 patrocinar Vin\u00edsfera.com? Porque [&hellip;]<\/p>\n","protected":false},"author":2,"featured_media":0,"parent":0,"menu_order":5,"comment_status":"open","ping_status":"closed","template":"","meta":{"om_disable_all_campaigns":false,"_monsterinsights_skip_tracking":false,"_monsterinsights_sitenote_active":false,"_monsterinsights_sitenote_note":"","_monsterinsights_sitenote_category":0,"_uf_show_specific_survey":0,"_uf_disable_surveys":false,"jetpack_post_was_ever_published":false,"footnotes":""},"class_list":["post-278","page","type-page","status-publish","hentry"],"aioseo_notices":[],"jetpack_shortlink":"https:\/\/wp.me\/POj6X-4u","jetpack_sharing_enabled":true,"_links":{"self":[{"href":"https:\/\/vinisfera.com\/r\/wp-json\/wp\/v2\/pages\/278","targetHints":{"allow":["GET"]}}],"collection":[{"href":"https:\/\/vinisfera.com\/r\/wp-json\/wp\/v2\/pages"}],"about":[{"href":"https:\/\/vinisfera.com\/r\/wp-json\/wp\/v2\/types\/page"}],"author":[{"embeddable":true,"href":"https:\/\/vinisfera.com\/r\/wp-json\/wp\/v2\/users\/2"}],"replies":[{"embeddable":true,"href":"https:\/\/vinisfera.com\/r\/wp-json\/wp\/v2\/comments?post=278"}],"version-history":[{"count":0,"href":"https:\/\/vinisfera.com\/r\/wp-json\/wp\/v2\/pages\/278\/revisions"}],"wp:attachment":[{"href":"https:\/\/vinisfera.com\/r\/wp-json\/wp\/v2\/media?parent=278"}],"curies":[{"name":"wp","href":"https:\/\/api.w.org\/{rel}","templated":true}]}}